e units digit of 74805?
5
What is the hundred thousands digit of 219955?
2
What is the hundreds digit of 345738?
7
What is the hundreds digit of 2590551?
5
What is the tens digit of 1600527?
2
What is the tens digit of 475480?
8
What is the tens digit of 2121048?
4
What is the ten thousands digit of 6132751?
3
What is the units digit of 4268868?
8
What is the thousands digit of 177025?
7
What is the tens digit of 403888?
8
What is the thousands digit of 4465121?
5
What is the hundreds digit of 335695?
6
What is the millions digit of 1367786?
1
What is the ten thousands digit of 1743979?
4
What is the hundreds digit of 113779?
7
What is the hundred thousands digit of 1031501?
0
What is the units digit of 128014?
4
What is the millions digit of 2878252?
2
What is the hundred thousands digit of 1358891?
3
What is the millions digit of 20895373?
0
What is the thousands digit of 2888107?
8
What is the units digit of 5241133?
3
What is the tens digit of 456511?
1
What is the hundred thousands digit of 142626?
1
What is the ten thousands digit of 1246799?
4
What is the ten thousands digit of 52882?
5
What is the hundreds digit of 1772422?
4
What is the hundred thousands digit of 293060?
2
What is the tens digit of 345859?
5
What is the tens digit of 2940609?
0
What is the hundreds digit of 493065?
0
What is the hundreds digit of 11691822?
8
What is the units digit of 967691?
1
What is the thousands digit of 9712458?
2
What is the units digit of 527274?
4
What is the thousands digit of 6885090?
5
What is the thousands digit of 294431?
4
What is the hundred thousands digit of 5276529?
2
What is the millions digit of 4652365?
4
What is the hundreds digit of 2058237?
2
What is the hundreds digit of 537842?
8
What is the ten thousands digit of 1808011?
0
What is the hundred thousands digit of 232591?
2
What is the ten thousands digit of 381902?
8
What is the tens digit of 2948989?
8
What is the hundreds digit of 7589036?
0
What is the ten thousands digit of 903298?
0
What is the tens digit of 848108?
0
What is the thousands digit of 205988?
5
What is the tens digit of 729206?
0
What is the thousands digit of 2709439?
9
What is the thousands digit of 52034?
2
What is the tens digit of 268363?
6
What is the hundred thousands digit of 9377297?
3
What is the hundreds digit of 1281433?
4
What is the units digit of 24729556?
6
What is the tens digit of 582828?
2
What is the units digit of 5167587?
7
What is the ten thousands digit of 19928?
1
What is the millions digit of 9564338?
9
What is the hundred thousands digit of 218923?
2
What is the hundred thousands digit of 2398602?
3
What is the hundred thousands digit of 3726056?
7
What is the thousands digit of 48252?
8
What is the tens digit of 36181?
8
What is the hundred thousands digit of 1630893?
6
What is the units digit of 4267763?
3
What is the ten thousands digit of 1387856?
8
What is the thousands digit of 516011?
6
What is the thousands digit of 9553411?
3
What is the hundreds digit of 222573?
5
What is the hundreds digit of 70799?
7
What is the units digit of 1838444?
4
What is the tens digit of 194985?
8
What is the ten thousands digit of 3761499?
6
What is the thousands digit of 146674?
6
What is the ten millions digit of 24173055?
2
What is the units digit of 51903?
3
What is the thousands digit of 116911?
6
What is the hundreds digit of 6005801?
8
What is the hundreds digit of 1186446?
4
What is the hundreds digit of 389144?
1
What is the units digit of 468262?
2
What is the hundred thousands digit of 643253?
6
What is the hundred thousands digit of 24487096?
4
What is the ten millions digit of 10582556?
1
What is the hundreds digit of 2599747?
7
What is the units digit of 221653?
3
What is the hundreds digit of 308813?
8
What is the thousands digit of 76506?
6
What is the tens digit of 8965002?
0
What is the units digit of 1065925?
5
What is the hundreds digit of 311991?
9
What is the tens digit of 397320?
2
What is the units digit of 512182?
2
What is the ten thousands digit of 1806324?
0
What is the thousands digit of 2996307?
6
What is the hundreds digit of 3076264?
2
What is the tens digit of 30320381?
8
What is the units digit of 27955?
5
What is the units digit of 350226?
6
What is the hundred thousands digit of 256481?
2
What is the tens digit of 2823324?
2
What is the hundreds digit of 435509?
5
What is the tens digit of 2051564?
6
What is the hundred thousands digit of 24649717?
6
What is the hundred thousands digit of 180956?
1
What is the ten thousands digit of 71425?
7
What is the tens digit of 1474058?
5
What is the tens digit of 2610188?
8
What is the tens digit of 6742951?
5
What is the ten thousands digit of 102864?
0
What is the millions digit of 1780863?
1
What is the units digit of 22385919?
9
What is the millions digit of 1676259?
1
What is the hundreds digit of 4869745?
7
What is the hundreds digit of 29264?
2
What is the units digit of 8305997?
7
What is the units digit of 5406496?
6
What is the hundreds digit of 6090466?
4
What is the units digit of 406101?
1
What is the hundred thousands digit of 428954?
4
What is the units digit of 130652?
2
What is the ten thousands digit of 5388579?
8
What is the hundreds digit of 166480?
4
What is the units digit of 655568?
8
What is the thousands digit of 241679?
1
What is the tens digit of 1150731?
3
What is the hundreds digit of 12002345?
3
What is the hundreds digit of 6400923?
9
What is the hundreds digit of 864884?
8
What is the millions digit of 6847930?
6
What is the ten thousands digit of 10470449?
7
What is the tens digit of 2573912?
1
What is the tens digit of 2728089?
8
What is the hundreds digit of 1198958?
9
What is the thousands digit of 6244?
6
What is the millions digit of 1464562?
1
What is the hundreds digit of 6854?
8
What is the millions digit of 2944998?
2
What is the millions digit of 26716437?
6
What is the units digit of 9029735?
5
What is the ten thousands digit of 16311838?
1
What is the units digit of 3800451?
1
What is the ten thousands digit of 14894305?
9
What is the tens digit of 69121?
2
What is the hundreds digit of 11631874?
8
What is the hundred thousands digit of 391391?
3
What is the tens digit of 6560027?
2
What is the hundred thousands digit of 31022358?
0
What is the hundred thousands digit of 179798?
1
What is the units digit of 2227544?
4
What is the ten thousands digit of 1286705?
8
What is the ten thousands digit of 1091624?
9
What is the tens digit of 130885?
8
What is the ten thousands digit of 659728?
5
What is the ten thousands digit of 208466?
0
What is the tens digit of 42014976?
7
What is the millions digit of 17886303?
7
What is the units digit of 698739?
9
What is the hundreds digit of 3777704?
7
What is the millions digit of 21930227?
1
What is the hundred thousands digit of 1055625?
0
What is the ten thousands digit of 420558?
2
What is the thousands digit of 1147760?
7
What is the thousands digit of 13496183?
6
What is the thousands digit of 601675?
1
What is the ten thousands digit of 1386687?
8
What is the millions digit of 6280006?
6
What is the ten thousands digit of 18983?
1
What is the hundreds digit of 351439?
4
What is the thousands digit of 1029596?
9
What is the tens digit of 4412407?
0
What is the hundreds digit of 715477?
4
What is the thousands digit of 7766825?
6
What is the tens digit of 6327427?
2
What is the units digit of 110415?
5
What is the millions digit of 1210343?
1
What is the units digit of 2131438?
8
What is the hundred thousands digit of 2742594?
7
What is the hundred thousands digit of 126832?
1
What is the units digit of 36810842?
2
What is the millions digit of 6927713?
6
What is the hundreds digit of 5900822?
8
What is the hundreds digit of 967574?
5
What is the units digit of 1726116?
6
What is the hundreds digit of 385372?
3
What is the hundred thousands digit of 970262?
9
What is the tens digit of 5265312?
1
What is the ten thousands digit of 3878888?
7
What is the millions digit of 13083891?
3
What is the units digit of 5175097?
7
What is the thousands digit of 20323807?
3
What is the ten millions digit of 12031422?
1
What is the units digit of 1256391?
1
What is the hundreds digit of 1370879?
8
What is the hundred thousands digit of 16547